{"id":157,"date":"2023-03-14T13:44:32","date_gmt":"2023-03-14T13:44:32","guid":{"rendered":"https:\/\/sergiofranclim.com\/?page_id=157"},"modified":"2025-02-03T08:21:45","modified_gmt":"2025-02-03T08:21:45","slug":"obra","status":"publish","type":"page","link":"https:\/\/sergiofranclim.com\/?page_id=157","title":{"rendered":"Obra publicada"},"content":{"rendered":"<div class=\"wp-block-image is-resized is-style-twentytwentyone-image-frame\">\n<figure class=\"aligncenter size-full\"><img loading=\"lazy\" decoding=\"async\" width=\"1024\" height=\"683\" src=\"https:\/\/sergiofranclim.com\/wp-content\/uploads\/2023\/02\/contactbg.png\" alt=\"\" class=\"wp-image-156\" srcset=\"https:\/\/sergiofranclim.com\/wp-content\/uploads\/2023\/02\/contactbg.png 1024w, https:\/\/sergiofranclim.com\/wp-content\/uploads\/2023\/02\/contactbg-300x200.png 300w, https:\/\/sergiofranclim.com\/wp-content\/uploads\/2023\/02\/contactbg-768x512.png 768w\" sizes=\"auto, (max-width: 1024px) 100vw, 1024px\" \/><\/figure>\n<\/div>\n\n\n<pre class=\"wp-block-verse\"><strong>1999 <\/strong>| Esp\u00edrito Infinito (poesia)<br><strong>2001 <\/strong>| O Esp\u00edrito de Portugal (ensaio)<br><strong>2001 <\/strong>| O que \u00e9 o Isl\u00e3o? (ensaio)<br><strong>2002 <\/strong>| Os Montes da Gl\u00f3ria (poesia)<br><strong>2002 <\/strong>| O Fim do Mundo \u2014 Evola, Gu\u00e9non e Pessoa (ensaio)<br><strong>2003 <\/strong>| O \u00daltimo Ma\u00e7on \u2014 Contos do Amor e do Imposs\u00edvel (fic\u00e7\u00e3o)<br><strong>2003 <\/strong>| Claustro de Sonhos (poesia)<br><strong>2004 <\/strong>| O Sonho do Portugal Templ\u00e1rio (ensaio)<br><strong>2004 <\/strong>| d\u2019O Encoberto<br><strong>2005 <\/strong>| O Isl\u00e3o Segundo um Ocidental (ensaio em audiolivro)<br><strong>2005 <\/strong>| Os Dois Corvos de Odin (poesia)<br><strong>2005 <\/strong>| O Alfarrabista que mandou falsificar Os Lus\u00edadas (fic\u00e7\u00e3o)<br><strong>2005 <\/strong>| O Sol naquele Dia (teatro)<br><strong>2006 <\/strong>| O Perd\u00e3o dos Templ\u00e1rios (ensaio em coautoria)<br><strong>2008 <\/strong>| A Rep\u00fablica nunca existiu (fic\u00e7\u00e3o em coautoria)<br><strong>2009 <\/strong>| A Mitologia Portuguesa (ensaio)<br><strong>2010 <\/strong>| Aventuras Misteriosas \u2014 O Segredo Templ\u00e1rio (fic\u00e7\u00e3o juvenil)<br><strong>2010 <\/strong>| Eterno Viajante (poesia)<br><strong>2010 <\/strong>| Aventuras Misteriosas \u2014 O An\u00e3o de Vasco da Gama (fic\u00e7\u00e3o juvenil)<br><strong>2010 <\/strong>| Aventuras Misteriosas \u2014 Tr\u00eas Fantasmas, Duas Revolu\u00e7\u00f5es (fic\u00e7\u00e3o juvenil)<br><strong>2012 <\/strong>| A Cidade dos Sonhos \u2014 7 Regras para a Sala de Aula (fic\u00e7\u00e3o infantil)<br><strong>2012 <\/strong>| Aventuras Misteriosas \u2014 A Espada M\u00e1gica (fic\u00e7\u00e3o juvenil)<br><strong>2012 <\/strong>| Mensageiros das Estrelas (fic\u00e7\u00e3o em coautoria)<br><strong>2013 <\/strong>| Inquietude (poesia)<br><strong>2015 <\/strong>| O meu Livro de Ora\u00e7\u00f5es (poesia infantil)<br><strong>2015 <\/strong>| A Hist\u00f3ria do Natal (fic\u00e7\u00e3o infantil)<br><strong>2016 <\/strong>| As minhas Hist\u00f3rias da B\u00edblia (fic\u00e7\u00e3o infantil)<br><strong>2017 <\/strong>| A Hist\u00f3ria dos Tr\u00eas Pastorinhos (fic\u00e7\u00e3o infantil)<br><strong>2017 <\/strong>| Mitos Gregos: O Triunfo dos Deuses e outras Hist\u00f3rias (fic\u00e7\u00e3o juvenil)<br><strong>2018 <\/strong>| Mitos Gregos: Perseu e outros Her\u00f3is (fic\u00e7\u00e3o juvenil)<br><strong>2019 <\/strong>| Regras na Sala de Aula (fic\u00e7\u00e3o infantil)<br><strong>2020 <\/strong>| O meu Primeiro Livro de Santos (infantil)<br><strong>2020 <\/strong>| Portugal Templ\u00e1rio \u2014 Hist\u00f3ria e Mito (ensaio)<br><strong>2020 <\/strong>| O meu Livro de Mitologia (infantil)<br><strong>2021 <\/strong>| O Gato Maluco (poesia infantil)<br><strong>2021 <\/strong>| Eternamente Dante (poesia)<br><strong>2022 <\/strong>| Mitos Lusitanos: Endov\u00e9lico e outros Deuses (fic\u00e7\u00e3o juvenil)<br><strong>2024 <\/strong>| Cam\u00f5es | As Aventuras e Desventuras de um Poeta \u00c9pico (infantil)<br><strong>2024 <\/strong>| Maldi\u00e7\u00e3o Cam\u00f5es | Epis\u00f3dios de um Poeta Perverso (fic\u00e7\u00e3o)<br><br><a href=\"https:\/\/sergiofranclim.com\/?page_id=203\" data-type=\"URL\" data-id=\"https:\/\/sergiofranclim.com\/?page_id=203\">Ver capas dos livros...<\/a><\/pre>\n\n\n\n<div class=\"wp-block-group is-nowrap is-layout-flex wp-container-core-group-is-layout-ad2f72ca wp-block-group-is-layout-flex\">\n<figure class=\"wp-block-image size-medium is-style-twentytwentyone-border\"><img loading=\"lazy\" decoding=\"async\" width=\"245\" height=\"300\" src=\"https:\/\/sergiofranclim.com\/wp-content\/uploads\/2024\/01\/2024-02-Camoes-Sergio-Franclim-75dpi-1-245x300.jpg\" alt=\"\" class=\"wp-image-270\" srcset=\"https:\/\/sergiofranclim.com\/wp-content\/uploads\/2024\/01\/2024-02-Camoes-Sergio-Franclim-75dpi-1-245x300.jpg 245w, https:\/\/sergiofranclim.com\/wp-content\/uploads\/2024\/01\/2024-02-Camoes-Sergio-Franclim-75dpi-1.jpg 703w\" sizes=\"auto, (max-width: 245px) 100vw, 245px\" \/><\/figure>\n\n\n\n<figure class=\"wp-block-image size-medium is-style-twentytwentyone-border\"><img loading=\"lazy\" decoding=\"async\" width=\"207\" height=\"300\" src=\"https:\/\/sergiofranclim.com\/wp-content\/uploads\/2025\/02\/2024-12-Maldicao-Camoes-207x300.jpeg\" alt=\"\" class=\"wp-image-306\" srcset=\"https:\/\/sergiofranclim.com\/wp-content\/uploads\/2025\/02\/2024-12-Maldicao-Camoes-207x300.jpeg 207w, https:\/\/sergiofranclim.com\/wp-content\/uploads\/2025\/02\/2024-12-Maldicao-Camoes-707x1024.jpeg 707w, https:\/\/sergiofranclim.com\/wp-content\/uploads\/2025\/02\/2024-12-Maldicao-Camoes-768x1113.jpeg 768w, https:\/\/sergiofranclim.com\/wp-content\/uploads\/2025\/02\/2024-12-Maldicao-Camoes.jpeg 828w\" sizes=\"auto, (max-width: 207px) 100vw, 207px\" \/><\/figure>\n<\/div>\n\n\n\n<p><\/p>\n","protected":false},"excerpt":{"rendered":"<p>1999 | Esp\u00edrito Infinito (poesia)2001 | O Esp\u00edrito de Portugal (ensaio)2001 | O que \u00e9 o Isl\u00e3o? (ensaio)2002 | Os Montes da Gl\u00f3ria (poesia)2002 | O Fim do Mundo \u2014 Evola, Gu\u00e9non e Pessoa (ensaio)2003 | O \u00daltimo Ma\u00e7on \u2014 Contos do Amor e do Imposs\u00edvel (fic\u00e7\u00e3o)2003 | Claustro de Sonhos (poesia)2004 | O Sonho&hellip; <a class=\"more-link\" href=\"https:\/\/sergiofranclim.com\/?page_id=157\">Continue a ler <span class=\"screen-reader-text\">Obra publicada<\/span><\/a><\/p>\n","protected":false},"author":1,"featured_media":0,"parent":0,"menu_order":0,"comment_status":"closed","ping_status":"closed","template":"","meta":{"footnotes":""},"class_list":["post-157","page","type-page","status-publish","hentry","entry"],"_links":{"self":[{"href":"https:\/\/sergiofranclim.com\/index.php?rest_route=\/wp\/v2\/pages\/157","targetHints":{"allow":["GET"]}}],"collection":[{"href":"https:\/\/sergiofranclim.com\/index.php?rest_route=\/wp\/v2\/pages"}],"about":[{"href":"https:\/\/sergiofranclim.com\/index.php?rest_route=\/wp\/v2\/types\/page"}],"author":[{"embeddable":true,"href":"https:\/\/sergiofranclim.com\/index.php?rest_route=\/wp\/v2\/users\/1"}],"replies":[{"embeddable":true,"href":"https:\/\/sergiofranclim.com\/index.php?rest_route=%2Fwp%2Fv2%2Fcomments&post=157"}],"version-history":[{"count":20,"href":"https:\/\/sergiofranclim.com\/index.php?rest_route=\/wp\/v2\/pages\/157\/revisions"}],"predecessor-version":[{"id":315,"href":"https:\/\/sergiofranclim.com\/index.php?rest_route=\/wp\/v2\/pages\/157\/revisions\/315"}],"wp:attachment":[{"href":"https:\/\/sergiofranclim.com\/index.php?rest_route=%2Fwp%2Fv2%2Fmedia&parent=157"}],"curies":[{"name":"wp","href":"https:\/\/api.w.org\/{rel}","templated":true}]}}